5*d + 4*h - 47, c*h - 5 = 0. Calculate the highest common factor of 110 and d.
11
Let i be ((-7 + 3)/(-2))/((-2)/(-48)). What is the greatest common factor of i and 12?
12
Suppose -2*t + 4*t - 6 = 0. What is the highest common divisor of 12 and t?
3
Let c(q) = -q + 5. Let n be c(0). Suppose 45 = 5*x - n*m, 5 = 2*x + 3*m - 3. Suppose b - 10 - x = 0. What is the greatest common divisor of b and 119?
17
Let d(x) = -9*x - 13. Let p be d(-7). What is the highest common divisor of 50 and p?
50
Let t(x) = -8*x + 11 - 11 + x**2. Let p be t(9). Let j(f) = f**3 + f**2 - 3*f + 3. Let u be j(2). Calculate the highest common divisor of p and u.
9
Suppose 3 = -g - 13. Let h = g + 21. Let l(r) = 40*r**2 - r - 1. Let f be l(-1). What is the highest common divisor of f and h?
5
Let b(d) = -d**3 - 5*d**2 + 4*d + 8. Let q be b(-6). Calculate the greatest common factor of q and 80.
20
Let g = -4 - -24. Calculate the highest common divisor of 5 and g.
5
Let a = 4 - 0. What is the highest common factor of 28 and a?
4
Let k be (-888)/(-112) + (-5)/(-70). Let x be ((-411)/6)/(1/(-2)). Suppose -4*l - x + 425 = 0. Calculate the highest common divisor of l and k.
8
Suppose -4*w + j = 2*j - 2153, 0 = 5*w + 2*j - 2689. Let a be w/4 - (-2)/8. What is the greatest common factor of 15 and a?
15
Let i = -15 + 19. Suppose 0*v + i*v + 4*o = 124, 5*v - 146 = 4*o. What is the greatest common divisor of 12 and v?
6
Let s(r) = -4*r**3 - r**2 - 1. Let i be s(-2). Calculate the highest common factor of 3 and i.
3
Let z be 10/(-25) + 681/15. What is the greatest common divisor of z and 9?
9
Let f(m) = 2*m**3 - m**2 - 2*m + 1. Let s be f(2). What is the highest common divisor of s and 81?
9
Suppose -759 - 396 = -7*k. Calculate the highest common divisor of 15 and k.
15
Suppose 0 = 5*a - 27 - 73. Let t be 1096/a + (-1)/(-5). What is the highest common factor of t and 22?
11
Suppose -1020 = -4*b - 84. Suppose r + 0*r = b. Suppose z - r = -z. Calculate the greatest common divisor of z and 13.
13
Let s(v) = 4*v**2 - v - 1. Let r be s(-2). Let k = -13 + r. What is the highest common divisor of 2 and k?
2
Let j be 21*3/((-9)/(-2)). What is the highest common divisor of 14 and j?
14
Suppose 2*z = 3*z + 4. Let a = 1 + -4. Let p be (2/z)/(a/768). Calculate the greatest common factor of 16 and p.
16
Let v = 27 - 16. Let k be (-2)/v + 4764/66. Suppose k = -2*x + 3*x. Calculate the greatest common divisor of 8 and x.
8
Let u = 6 + -8. Let s be (63*-1)/(3/u). Calculate the greatest common factor of s and 6.
6
Let b(a) = a**2 + 8*a - 15. Let f be b(-15). Calculate the greatest common factor of 18 and f.
18
Let m = -14 + 17. Suppose 0*l = 2*l - 8. Let k = m + l. What is the highest common factor of 28 and k?
7
Let b(c) = -c**2 + 9*c - 5. Let y be b(8). Let g be ((-2)/(-6))/(4/36). What is the greatest common factor of g and y?
3
Let u = 57 + -34. Let h = -9 + u. Calculate the highest common factor of 42 and h.
14
Suppose 4*u - 4*v = 3 + 5, -5*u - 4*v + 28 = 0. Let i(j) = -5*j + 2. Let z be i(-6). What is the highest common factor of z and u?
4
Suppose 0 = -0*h + 4*h - 40. Suppose 99 = 7*v - 139. Let p = 54 - v. What is the highest common factor of p and h?
10
Suppose -2*a + 26 = -4*r + 8*r, 0 = 3*r + 5*a - 23. Calculate the greatest common divisor of 78 and r.
6
Suppose 3*d - 11 = 4. Suppose d*f + 262 - 877 = 0. Suppose 0 = -2*y + 3*a + f, y - 5*a = 3*y - 115. What is the highest common factor of y and 12?
12
Let k = -9 + 20. Let d(l) = l. Let w be d(11). What is the highest common divisor of w and k?
11
Let g(l) = -l**2 + 1. Let y be g(1). Suppose 0 = -2*a - 3*z + 143, y = -a + 4*z - 2*z + 54. What is the greatest common divisor of a and 8?
8
Let k be 29 - 3/(-9)*-9. What is the greatest common factor of k and 26?
26
Let n = 1 + 13. Let h be ((-2)/2)/((-1)/4). Let a be h*((-102)/(-4) - 1). What is the greatest common factor of a and n?
14
Let o(i) = -i**2 + 221 + 10*i - 222 - 2*i. Let u(t) = t**2 + 6. Let n be u(0). Let s be o(n). What is the greatest common factor of s and 11?
11
Let h = -159 + 86. Let z = h - -133. What is the greatest common divisor of 12 and z?
12
Let u(k) = -2*k**3 - 7*k**2 - 2*k + 1. Let b(z) = z**2 + z + 1. Let c(v) = 3*b(v) + u(v). Let d be c(-3). What is the highest common factor of d and 171?
19
Let o = 13 + 15. Let w = o - 20. What is the greatest common factor of w and 20?
4
Suppose -3*t = 2*b - 62, 4*b - 62 = -4*t + 22. Let c be t/(-110) - (-57)/11. Suppose 16 = c*x - 29. What is the highest common divisor of 45 and x?
9
Let a = 168 + -87. Suppose 43 = 3*r - 4*g, 3*r - 4*r + 3*g + 21 = 0. What is the greatest common factor of a and r?
9
Let w = 84 + -77. What is the highest common factor of 35 and w?
7
Let v(z) = 9*z**2 - 3*z - 3. Let o be v(-2). Let d = -3 + 3. Suppose d = 4*p + 49 - 153. Calculate the highest common factor of p and o.
13
Suppose 5*n - 3*v + 90 = 0, -n + v - 18 = 5*v. Let d = n - -38. Suppose 0*b + 6 = 4*b + 5*c, b - 4*c - 12 = 0. Calculate the highest common factor of d and b.
4
Let w = 2 + 13. Suppose -2 = t - w. What is the highest common factor of t and 117?
13
Let b(w) = -9*w - 3. Let f(g) = g + 3. Let k be f(-2). Let n be (4 - 7) + 1/k. Let u be b(n). What is the highest common divisor of u and 120?
15
Let c be 8/(-14) - ((-384)/(-21))/(-4). Let v(w) = w**3 + 3*w**2 - 7*w - 6. Let l be v(-4). Calculate the highest common factor of c and l.
2
Suppose 90 = 5*i + i. Calculate the highest common factor of 10 and i.
5
Let l = 3 + 9. Let m be -1*3*(-4)/(-6). Let o be -1*(1 + m) - -2. Calculate the greatest common factor of o and l.
3
Suppose 6 - 14 = -4*z. Let l be -1 + 18/(-4)*4/(-6). Calculate the greatest common divisor of z and l.
2
Let p(k) = 19*k**3 - k**2 + 3*k - 1. Let m be p(2). Calculate the highest common divisor of 17 and m.
17
Let o(t) = -t**3 + 9*t**2 + 6*t - 17. Let x be o(8). Calculate the highest common factor of x and 19.
19
Let z = 7 + -26. Let h = -4 - z. Calculate the highest common factor of h and 135.
15
Let p(l) = l**3 - 6*l + 4. Let c be p(4). Suppose -2 = -6*v + 22. Calculate the greatest common factor of v and c.
4
Let a = 6 + 8. What is the highest common divisor of 7 and a?
7
Let q be 9/6 + 1/(-2). Calculate the greatest common factor of 8 and q.
1
Let a(p) = -p**2 - 22*p - 11. Let i be 1/(-2) - 42/4. Let j be a(i). What is the highest common divisor of 10 and j?
10
Let y(s) = -s**2 - 6*s + 9. Let o be y(-7). Let u(t) = -3*t + 2. Let m be u(o). Let w be (27/m)/((-15)/160). Calculate the greatest common divisor of w and 9.
9
Let f = 903 + -629. Let c = f + -134. What is the highest common factor of c and 14?
14
Suppose 0 = -4*i + 6 + 22. Suppose -2*s - 60 = -i*s. Suppose 0*u = u - 12. What is the highest common divisor of s and u?
12
Let y(f) = f**2 + 3*f + 6. Suppose 2 + 6 = -4*x, 3*x = 2*c. Let s be y(c). What is the highest common factor of s and 12?
6
Suppose 4*w = 2*w. Let i be 0 + w - (-43 + -1). Calculate the highest common divisor of 66 and i.
22
Let g be 18/27 - 1/(-3). Calculate the highest common factor of g and 9.
1
Let k(n) = 225*n**2 + 2*n + 5. Let a be k(-4). Let x be a/9 - (-3)/9. Suppose 7*f - 3*f - x = 0. Calculate the highest common divisor of f and 40.
20
Let t be (-1 - -2)/(2/14). Let f(j) be the first derivative of j**3 - 3*j**2/2 - 4*j + 4. Let a be f(3). What is the greatest common factor of t and a?
7
Suppose -25 = -5*r - 9*m + 4*m, 20 = -5*m. Suppose 0 = -2*j - 2*j. Suppose 3*t = i + 78, j = -t - 3*i + 36. What is the greatest common factor of r and t?
9
Let o be 1*2/2*160/32. What is the greatest common divisor of 65 and o?
5
Suppose -5*a + 2 + 3 = 0. Let p = 1 + -1. Suppose p = f - a - 8. Calculate the greatest common factor of 72 and f.
9
Let o = 82 - 42. Suppose -2*a + 5*q = -35, -a - 2*q - 2*q = 2. What is the greatest common factor of a and o?
10
Suppose -4*p - 35 = -5*p. Let c = p - 23. Let f = 71 + -47. What is the greatest common factor of f and c?
12
Suppose s - 13 = -0*s - 2*d, 5*d - 64 = -4*s. Let u(g) = g - 1. Let t be u(4). Suppose 0 = t*x - s. What is the greatest common divisor of 28 and x?
7
Suppose -p = -0*p - 126. What is the highest common divisor of p and 14?
14
Let b be 4/(-12)*1*-9. Suppose -b*h + 15 + 18 = 0. What is the greatest common factor of h and 121?
11
Let f(s) =